{"id":8,"date":"2026-03-05T07:15:14","date_gmt":"2026-03-05T07:15:14","guid":{"rendered":"https:\/\/rsapromocionales.com\/?page_id=8"},"modified":"2026-03-09T18:04:00","modified_gmt":"2026-03-09T18:04:00","slug":"nosotros","status":"publish","type":"page","link":"https:\/\/rsapromocionales.com\/index.php\/nosotros\/","title":{"rendered":"Nosotros"},"content":{"rendered":"<style>.kb-row-layout-id8_f9d206-e6 > .kt-row-column-wrap{align-content:start;}:where(.kb-row-layout-id8_f9d206-e6 > .kt-row-column-wrap) > .wp-block-kadence-column{justify-content:start;}.kb-row-layout-id8_f9d206-e6 > .kt-row-column-wrap{column-gap:var(--global-kb-gap-md, 2rem);row-gap:var(--global-kb-gap-md, 2rem);padding-top:var(--global-kb-spacing-sm, 1.5rem);padding-bottom:var(--global-kb-spacing-sm, 1.5rem);grid-template-columns:minmax(0, 1fr);}.kb-row-layout-id8_f9d206-e6 > .kt-row-layout-overlay{opacity:0.30;}@media all and (max-width: 1024px){.kb-row-layout-id8_f9d206-e6 > .kt-row-column-wrap{grid-template-columns:minmax(0, 1fr);}}@media all and (max-width: 767px){.kb-row-layout-id8_f9d206-e6 > .kt-row-column-wrap{grid-template-columns:minmax(0, 1fr);}}<\/style><div class=\"kb-row-layout-wrap kb-row-layout-id8_f9d206-e6 alignnone wp-block-kadence-rowlayout\"><div class=\"kt-row-column-wrap kt-has-1-columns kt-row-layout-equal kt-tab-layout-inherit kt-mobile-layout-row kt-row-valign-top\">\n<style>.kadence-column8_5953a6-4c > .kt-inside-inner-col,.kadence-column8_5953a6-4c > .kt-inside-inner-col:before{border-top-left-radius:0px;border-top-right-radius:0px;border-bottom-right-radius:0px;border-bottom-left-radius:0px;}.kadence-column8_5953a6-4c > .kt-inside-inner-col{column-gap:var(--global-kb-gap-sm, 1rem);}.kadence-column8_5953a6-4c > .kt-inside-inner-col{flex-direction:column;}.kadence-column8_5953a6-4c > .kt-inside-inner-col > .aligncenter{width:100%;}.kadence-column8_5953a6-4c > .kt-inside-inner-col{background-image:url('https:\/\/rsapromocionales.com\/wp-content\/uploads\/2026\/03\/top1.jpg');background-size:cover;background-position:52% 80%;background-attachment:scroll;background-repeat:no-repeat;}.kadence-column8_5953a6-4c > .kt-inside-inner-col:before{opacity:0.3;}.kadence-column8_5953a6-4c{position:relative;}@media all and (max-width: 1024px){.kadence-column8_5953a6-4c > .kt-inside-inner-col{flex-direction:column;justify-content:center;}}@media all and (max-width: 767px){.kadence-column8_5953a6-4c > .kt-inside-inner-col{flex-direction:column;justify-content:center;}}<\/style>\n<div class=\"wp-block-kadence-column kadence-column8_5953a6-4c\"><div class=\"kt-inside-inner-col\"><style>.wp-block-kadence-advancedheading.kt-adv-heading8_1ca1fa-ea, .wp-block-kadence-advancedheading.kt-adv-heading8_1ca1fa-ea[data-kb-block=\"kb-adv-heading8_1ca1fa-ea\"]{margin-top:var(--global-kb-spacing-lg, 3rem);margin-bottom:var(--global-kb-spacing-lg, 3rem);text-align:center;font-size:var(--global-kb-font-size-xxl, 4rem);font-style:normal;text-shadow:-7px 1px 1px rgba(0, 0, 0, 0.61);}.wp-block-kadence-advancedheading.kt-adv-heading8_1ca1fa-ea mark.kt-highlight, .wp-block-kadence-advancedheading.kt-adv-heading8_1ca1fa-ea[data-kb-block=\"kb-adv-heading8_1ca1fa-ea\"] mark.kt-highlight{font-style:normal;color:#f76a0c;-webkit-box-decoration-break:clone;box-decoration-break:clone;padding-top:0px;padding-right:0px;padding-bottom:0px;padding-left:0px;}.wp-block-kadence-advancedheading.kt-adv-heading8_1ca1fa-ea img.kb-inline-image, .wp-block-kadence-advancedheading.kt-adv-heading8_1ca1fa-ea[data-kb-block=\"kb-adv-heading8_1ca1fa-ea\"] img.kb-inline-image{width:150px;vertical-align:baseline;}@media all and (max-width: 1024px){.wp-block-kadence-advancedheading.kt-adv-heading8_1ca1fa-ea, .wp-block-kadence-advancedheading.kt-adv-heading8_1ca1fa-ea[data-kb-block=\"kb-adv-heading8_1ca1fa-ea\"]{text-shadow:-7px 1px 1px rgba(0, 0, 0, 0.61);}}@media all and (max-width: 767px){.wp-block-kadence-advancedheading.kt-adv-heading8_1ca1fa-ea, .wp-block-kadence-advancedheading.kt-adv-heading8_1ca1fa-ea[data-kb-block=\"kb-adv-heading8_1ca1fa-ea\"]{text-shadow:-7px 1px 1px rgba(0, 0, 0, 0.61);}}<\/style>\n<h1 class=\"kt-adv-heading8_1ca1fa-ea wp-block-kadence-advancedheading\" data-kb-block=\"kb-adv-heading8_1ca1fa-ea\">DESEAS DESARROLLAR TU MARCA<\/h1>\n<\/div><\/div>\n\n<\/div><\/div>\n\n<style>.kb-row-layout-id8_0db87f-c9 > .kt-row-column-wrap{align-content:start;}:where(.kb-row-layout-id8_0db87f-c9 > .kt-row-column-wrap) > .wp-block-kadence-column{justify-content:start;}.kb-row-layout-id8_0db87f-c9 > .kt-row-column-wrap{column-gap:var(--global-kb-gap-md, 2rem);row-gap:var(--global-kb-gap-md, 2rem);max-width:var( --global-content-width, 1290px );padding-left:var(--global-content-edge-padding);padding-right:var(--global-content-edge-padding);padding-top:var(--global-kb-spacing-sm, 1.5rem);padding-bottom:var(--global-kb-spacing-sm, 1.5rem);grid-template-columns:repeat(2, minmax(0, 1fr));}.kb-row-layout-id8_0db87f-c9 > .kt-row-layout-overlay{opacity:0.30;}@media all and (max-width: 1024px){.kb-row-layout-id8_0db87f-c9 > .kt-row-column-wrap{grid-template-columns:repeat(2, minmax(0, 1fr));}}@media all and (max-width: 767px){.kb-row-layout-id8_0db87f-c9 > .kt-row-column-wrap{grid-template-columns:minmax(0, 1fr);}}<\/style><div class=\"kb-row-layout-wrap kb-row-layout-id8_0db87f-c9 alignnone wp-block-kadence-rowlayout\"><div class=\"kt-row-column-wrap kt-has-2-columns kt-row-layout-equal kt-tab-layout-inherit kt-mobile-layout-row kt-row-valign-top kb-theme-content-width\">\n<style>.kadence-column8_9d005c-3a > .kt-inside-inner-col,.kadence-column8_9d005c-3a > .kt-inside-inner-col:before{border-top-left-radius:0px;border-top-right-radius:0px;border-bottom-right-radius:0px;border-bottom-left-radius:0px;}.kadence-column8_9d005c-3a > .kt-inside-inner-col{column-gap:var(--global-kb-gap-sm, 1rem);}.kadence-column8_9d005c-3a > .kt-inside-inner-col{flex-direction:column;}.kadence-column8_9d005c-3a > .kt-inside-inner-col > .aligncenter{width:100%;}.kadence-column8_9d005c-3a > .kt-inside-inner-col:before{opacity:0.3;}.kadence-column8_9d005c-3a{position:relative;}@media all and (max-width: 1024px){.kadence-column8_9d005c-3a > .kt-inside-inner-col{flex-direction:column;justify-content:center;}}@media all and (max-width: 767px){.kadence-column8_9d005c-3a > .kt-inside-inner-col{flex-direction:column;justify-content:center;}}<\/style>\n<div class=\"wp-block-kadence-column kadence-column8_9d005c-3a\"><div class=\"kt-inside-inner-col\"><style>.wp-block-kadence-advancedheading.kt-adv-heading8_cb83c3-c3, .wp-block-kadence-advancedheading.kt-adv-heading8_cb83c3-c3[data-kb-block=\"kb-adv-heading8_cb83c3-c3\"]{font-style:normal;}.wp-block-kadence-advancedheading.kt-adv-heading8_cb83c3-c3 mark.kt-highlight, .wp-block-kadence-advancedheading.kt-adv-heading8_cb83c3-c3[data-kb-block=\"kb-adv-heading8_cb83c3-c3\"] mark.kt-highlight{font-style:normal;color:#f76a0c;-webkit-box-decoration-break:clone;box-decoration-break:clone;padding-top:0px;padding-right:0px;padding-bottom:0px;padding-left:0px;}.wp-block-kadence-advancedheading.kt-adv-heading8_cb83c3-c3 img.kb-inline-image, .wp-block-kadence-advancedheading.kt-adv-heading8_cb83c3-c3[data-kb-block=\"kb-adv-heading8_cb83c3-c3\"] img.kb-inline-image{width:150px;vertical-align:baseline;}<\/style>\n<h2 class=\"kt-adv-heading8_cb83c3-c3 wp-block-kadence-advancedheading has-theme-palette-6-color has-text-color\" data-kb-block=\"kb-adv-heading8_cb83c3-c3\">\u00bfQui\u00e9nes somos?<\/h2>\n\n\n<style>.wp-block-kadence-advancedheading.kt-adv-heading8_0ffab7-49, .wp-block-kadence-advancedheading.kt-adv-heading8_0ffab7-49[data-kb-block=\"kb-adv-heading8_0ffab7-49\"]{font-style:normal;}.wp-block-kadence-advancedheading.kt-adv-heading8_0ffab7-49 mark.kt-highlight, .wp-block-kadence-advancedheading.kt-adv-heading8_0ffab7-49[data-kb-block=\"kb-adv-heading8_0ffab7-49\"] mark.kt-highlight{font-style:normal;color:#f76a0c;-webkit-box-decoration-break:clone;box-decoration-break:clone;padding-top:0px;padding-right:0px;padding-bottom:0px;padding-left:0px;}.wp-block-kadence-advancedheading.kt-adv-heading8_0ffab7-49 img.kb-inline-image, .wp-block-kadence-advancedheading.kt-adv-heading8_0ffab7-49[data-kb-block=\"kb-adv-heading8_0ffab7-49\"] img.kb-inline-image{width:150px;vertical-align:baseline;}<\/style>\n<p class=\"kt-adv-heading8_0ffab7-49 wp-block-kadence-advancedheading\" data-kb-block=\"kb-adv-heading8_0ffab7-49\">Somos una empresa dedicada a la fabricaci\u00f3n, impresi\u00f3n y comercializaci\u00f3n de art\u00edculos promocionales para cualquier persona o empresa que necesite posicionar su Marca, en el mercado y en la mente de las personas.<\/p>\n\n\n\n<p><br>As\u00ed mismo contamos con el servicio de dise\u00f1o gr\u00e1fico y fotograf\u00eda profesional, cumpliendo con las necesidades de comunicaci\u00f3n de nuestros clientes ya sean: flyers, folleter\u00eda, carteles, cat\u00e1logos, revistas, libros, manuales, etc.<\/p>\n\n\n<style>.wp-block-kadence-advancedheading.kt-adv-heading8_055ff7-c8, .wp-block-kadence-advancedheading.kt-adv-heading8_055ff7-c8[data-kb-block=\"kb-adv-heading8_055ff7-c8\"]{font-style:normal;}.wp-block-kadence-advancedheading.kt-adv-heading8_055ff7-c8 mark.kt-highlight, .wp-block-kadence-advancedheading.kt-adv-heading8_055ff7-c8[data-kb-block=\"kb-adv-heading8_055ff7-c8\"] mark.kt-highlight{font-style:normal;color:#f76a0c;-webkit-box-decoration-break:clone;box-decoration-break:clone;padding-top:0px;padding-right:0px;padding-bottom:0px;padding-left:0px;}.wp-block-kadence-advancedheading.kt-adv-heading8_055ff7-c8 img.kb-inline-image, .wp-block-kadence-advancedheading.kt-adv-heading8_055ff7-c8[data-kb-block=\"kb-adv-heading8_055ff7-c8\"] img.kb-inline-image{width:150px;vertical-align:baseline;}<\/style>\n<h2 class=\"kt-adv-heading8_055ff7-c8 wp-block-kadence-advancedheading has-theme-palette-6-color has-text-color\" data-kb-block=\"kb-adv-heading8_055ff7-c8\">\u00bfQu\u00e9 buscamos?<\/h2>\n\n\n<style>.wp-block-kadence-advancedheading.kt-adv-heading8_cae77d-4e, .wp-block-kadence-advancedheading.kt-adv-heading8_cae77d-4e[data-kb-block=\"kb-adv-heading8_cae77d-4e\"]{font-size:var(--global-kb-font-size-sm, 0.9rem);font-style:normal;}.wp-block-kadence-advancedheading.kt-adv-heading8_cae77d-4e mark.kt-highlight, .wp-block-kadence-advancedheading.kt-adv-heading8_cae77d-4e[data-kb-block=\"kb-adv-heading8_cae77d-4e\"] mark.kt-highlight{font-style:normal;color:#f76a0c;-webkit-box-decoration-break:clone;box-decoration-break:clone;padding-top:0px;padding-right:0px;padding-bottom:0px;padding-left:0px;}.wp-block-kadence-advancedheading.kt-adv-heading8_cae77d-4e img.kb-inline-image, .wp-block-kadence-advancedheading.kt-adv-heading8_cae77d-4e[data-kb-block=\"kb-adv-heading8_cae77d-4e\"] img.kb-inline-image{width:150px;vertical-align:baseline;}<\/style>\n<p class=\"kt-adv-heading8_cae77d-4e wp-block-kadence-advancedheading\" data-kb-block=\"kb-adv-heading8_cae77d-4e\"><br>Que cada producto apoye al giro del negocio para que <strong>TU MARCA<\/strong> est\u00e9 presente en la vida diaria de tus clientes y usuarios potenciales, <strong>como una excelente herramienta acorde a tus objetivos<\/strong>.<\/p>\n<\/div><\/div>\n\n\n<style>.kadence-column8_eaf9d3-19 > .kt-inside-inner-col,.kadence-column8_eaf9d3-19 > .kt-inside-inner-col:before{border-top-left-radius:0px;border-top-right-radius:0px;border-bottom-right-radius:0px;border-bottom-left-radius:0px;}.kadence-column8_eaf9d3-19 > .kt-inside-inner-col{column-gap:var(--global-kb-gap-sm, 1rem);}.kadence-column8_eaf9d3-19 > .kt-inside-inner-col{flex-direction:column;}.kadence-column8_eaf9d3-19 > .kt-inside-inner-col > .aligncenter{width:100%;}.kadence-column8_eaf9d3-19 > .kt-inside-inner-col:before{opacity:0.3;}.kadence-column8_eaf9d3-19{position:relative;}@media all and (max-width: 1024px){.kadence-column8_eaf9d3-19 > .kt-inside-inner-col{flex-direction:column;justify-content:center;}}@media all and (max-width: 767px){.kadence-column8_eaf9d3-19 > .kt-inside-inner-col{flex-direction:column;justify-content:center;}}<\/style>\n<div class=\"wp-block-kadence-column kadence-column8_eaf9d3-19\"><div class=\"kt-inside-inner-col\"><style>.kb-image8_270766-dd .kb-image-has-overlay:after{opacity:0.3;}<\/style>\n<figure class=\"wp-block-kadence-image kb-image8_270766-dd size-full\"><img loading=\"lazy\" decoding=\"async\" width=\"720\" height=\"726\" src=\"https:\/\/rsapromocionales.com\/wp-content\/uploads\/2026\/03\/03.png\" alt=\"\" class=\"kb-img wp-image-97\" srcset=\"https:\/\/rsapromocionales.com\/wp-content\/uploads\/2026\/03\/03.png 720w, https:\/\/rsapromocionales.com\/wp-content\/uploads\/2026\/03\/03-298x300.png 298w, https:\/\/rsapromocionales.com\/wp-content\/uploads\/2026\/03\/03-150x150.png 150w\" sizes=\"auto, (max-width: 720px) 100vw, 720px\" \/><\/figure>\n<\/div><\/div>\n\n<\/div><\/div>\n\n<style>.kb-row-layout-id8_fa8977-19 > .kt-row-column-wrap{align-content:start;}:where(.kb-row-layout-id8_fa8977-19 > .kt-row-column-wrap) > .wp-block-kadence-column{justify-content:start;}.kb-row-layout-id8_fa8977-19 > .kt-row-column-wrap{column-gap:var(--global-kb-gap-md, 2rem);row-gap:var(--global-kb-gap-md, 2rem);max-width:var( --global-content-width, 1290px );padding-left:var(--global-content-edge-padding);padding-right:var(--global-content-edge-padding);padding-top:var(--global-kb-spacing-sm, 1.5rem);padding-bottom:var(--global-kb-spacing-sm, 1.5rem);}.kb-row-layout-id8_fa8977-19 > .kt-row-column-wrap > div:not(.added-for-specificity){grid-column:initial;}.kb-row-layout-id8_fa8977-19 > .kt-row-column-wrap{grid-template-columns:repeat(3, minmax(0, 1fr));}.kb-row-layout-id8_fa8977-19 > .kt-row-layout-overlay{opacity:0.30;}@media all and (max-width: 1024px){.kb-row-layout-id8_fa8977-19 > .kt-row-column-wrap > div:not(.added-for-specificity){grid-column:initial;}}@media all and (max-width: 1024px){.kb-row-layout-id8_fa8977-19 > .kt-row-column-wrap{grid-template-columns:repeat(3, minmax(0, 1fr));}}@media all and (max-width: 767px){.kb-row-layout-id8_fa8977-19 > .kt-row-column-wrap > div:not(.added-for-specificity){grid-column:initial;}.kb-row-layout-id8_fa8977-19 > .kt-row-column-wrap{grid-template-columns:minmax(0, 1fr);}}<\/style><div class=\"kb-row-layout-wrap kb-row-layout-id8_fa8977-19 alignnone wp-block-kadence-rowlayout\"><div class=\"kt-row-column-wrap kt-has-3-columns kt-row-layout-equal kt-tab-layout-inherit kt-mobile-layout-row kt-row-valign-top kb-theme-content-width\">\n<style>.kadence-column8_a0b232-be > .kt-inside-inner-col,.kadence-column8_a0b232-be > .kt-inside-inner-col:before{border-top-left-radius:0px;border-top-right-radius:0px;border-bottom-right-radius:0px;border-bottom-left-radius:0px;}.kadence-column8_a0b232-be > .kt-inside-inner-col{column-gap:var(--global-kb-gap-sm, 1rem);}.kadence-column8_a0b232-be > .kt-inside-inner-col{flex-direction:column;}.kadence-column8_a0b232-be > .kt-inside-inner-col > .aligncenter{width:100%;}.kadence-column8_a0b232-be > .kt-inside-inner-col:before{opacity:0.3;}.kadence-column8_a0b232-be{position:relative;}@media all and (max-width: 1024px){.kadence-column8_a0b232-be > .kt-inside-inner-col{flex-direction:column;justify-content:center;}}@media all and (max-width: 767px){.kadence-column8_a0b232-be > .kt-inside-inner-col{flex-direction:column;justify-content:center;}}<\/style>\n<div class=\"wp-block-kadence-column kadence-column8_a0b232-be\"><div class=\"kt-inside-inner-col\"><style>.kb-image8_640353-85 .kb-image-has-overlay:after{opacity:0.3;}<\/style>\n<figure class=\"wp-block-kadence-image kb-image8_640353-85 size-full\"><img loading=\"lazy\" decoding=\"async\" width=\"600\" height=\"605\" src=\"https:\/\/rsapromocionales.com\/wp-content\/uploads\/2026\/03\/06-1.jpg\" alt=\"\" class=\"kb-img wp-image-116\" srcset=\"https:\/\/rsapromocionales.com\/wp-content\/uploads\/2026\/03\/06-1.jpg 600w, https:\/\/rsapromocionales.com\/wp-content\/uploads\/2026\/03\/06-1-298x300.jpg 298w, https:\/\/rsapromocionales.com\/wp-content\/uploads\/2026\/03\/06-1-150x150.jpg 150w\" sizes=\"auto, (max-width: 600px) 100vw, 600px\" \/><\/figure>\n<\/div><\/div>\n\n\n<style>.kadence-column8_a9c2c3-fc > .kt-inside-inner-col,.kadence-column8_a9c2c3-fc > .kt-inside-inner-col:before{border-top-left-radius:0px;border-top-right-radius:0px;border-bottom-right-radius:0px;border-bottom-left-radius:0px;}.kadence-column8_a9c2c3-fc > .kt-inside-inner-col{column-gap:var(--global-kb-gap-sm, 1rem);}.kadence-column8_a9c2c3-fc > .kt-inside-inner-col{flex-direction:column;}.kadence-column8_a9c2c3-fc > .kt-inside-inner-col > .aligncenter{width:100%;}.kadence-column8_a9c2c3-fc > .kt-inside-inner-col:before{opacity:0.3;}.kadence-column8_a9c2c3-fc{position:relative;}@media all and (max-width: 1024px){.kadence-column8_a9c2c3-fc > .kt-inside-inner-col{flex-direction:column;justify-content:center;}}@media all and (max-width: 767px){.kadence-column8_a9c2c3-fc > .kt-inside-inner-col{flex-direction:column;justify-content:center;}}<\/style>\n<div class=\"wp-block-kadence-column kadence-column8_a9c2c3-fc\"><div class=\"kt-inside-inner-col\"><style>.kb-image8_3039a8-56 .kb-image-has-overlay:after{opacity:0.3;}<\/style>\n<figure class=\"wp-block-kadence-image kb-image8_3039a8-56 size-full\"><img loading=\"lazy\" decoding=\"async\" width=\"600\" height=\"605\" src=\"https:\/\/rsapromocionales.com\/wp-content\/uploads\/2026\/03\/07.jpg\" alt=\"\" class=\"kb-img wp-image-117\" srcset=\"https:\/\/rsapromocionales.com\/wp-content\/uploads\/2026\/03\/07.jpg 600w, https:\/\/rsapromocionales.com\/wp-content\/uploads\/2026\/03\/07-298x300.jpg 298w, https:\/\/rsapromocionales.com\/wp-content\/uploads\/2026\/03\/07-150x150.jpg 150w\" sizes=\"auto, (max-width: 600px) 100vw, 600px\" \/><\/figure>\n<\/div><\/div>\n\n\n<style>.kadence-column8_60e738-ed > .kt-inside-inner-col,.kadence-column8_60e738-ed > .kt-inside-inner-col:before{border-top-left-radius:0px;border-top-right-radius:0px;border-bottom-right-radius:0px;border-bottom-left-radius:0px;}.kadence-column8_60e738-ed > .kt-inside-inner-col{column-gap:var(--global-kb-gap-sm, 1rem);}.kadence-column8_60e738-ed > .kt-inside-inner-col{flex-direction:column;}.kadence-column8_60e738-ed > .kt-inside-inner-col > .aligncenter{width:100%;}.kadence-column8_60e738-ed > .kt-inside-inner-col:before{opacity:0.3;}.kadence-column8_60e738-ed{position:relative;}@media all and (max-width: 1024px){.kadence-column8_60e738-ed > .kt-inside-inner-col{flex-direction:column;justify-content:center;}}@media all and (max-width: 767px){.kadence-column8_60e738-ed > .kt-inside-inner-col{flex-direction:column;justify-content:center;}}<\/style>\n<div class=\"wp-block-kadence-column kadence-column8_60e738-ed\"><div class=\"kt-inside-inner-col\"><style>.kb-image8_0a82b4-19 .kb-image-has-overlay:after{opacity:0.3;}<\/style>\n<figure class=\"wp-block-kadence-image kb-image8_0a82b4-19 size-full\"><img loading=\"lazy\" decoding=\"async\" width=\"600\" height=\"605\" src=\"https:\/\/rsapromocionales.com\/wp-content\/uploads\/2026\/03\/08.jpg\" alt=\"\" class=\"kb-img wp-image-118\" srcset=\"https:\/\/rsapromocionales.com\/wp-content\/uploads\/2026\/03\/08.jpg 600w, https:\/\/rsapromocionales.com\/wp-content\/uploads\/2026\/03\/08-298x300.jpg 298w, https:\/\/rsapromocionales.com\/wp-content\/uploads\/2026\/03\/08-150x150.jpg 150w\" sizes=\"auto, (max-width: 600px) 100vw, 600px\" \/><\/figure>\n<\/div><\/div>\n\n<\/div><\/div>","protected":false},"excerpt":{"rendered":"<p>DESEAS DESARROLLAR TU MARCA \u00bfQui\u00e9nes somos? Somos una empresa dedicada a la fabricaci\u00f3n, impresi\u00f3n y comercializaci\u00f3n de art\u00edculos promocionales para cualquier persona o empresa que necesite posicionar su Marca, en el mercado y en la mente de las personas. As\u00ed mismo contamos con el servicio de dise\u00f1o gr\u00e1fico y fotograf\u00eda profesional, cumpliendo con las necesidades&#8230;<\/p>\n","protected":false},"author":1,"featured_media":0,"parent":0,"menu_order":0,"comment_status":"closed","ping_status":"closed","template":"","meta":{"postBodyCss":"","postBodyMargin":[],"postBodyPadding":[],"postBodyBackground":{"backgroundType":"classic","gradient":""},"_kad_post_transparent":"default","_kad_post_title":"hide","_kad_post_layout":"fullwidth","_kad_post_sidebar_id":"","_kad_post_content_style":"default","_kad_post_vertical_padding":"hide","_kad_post_feature":"","_kad_post_feature_position":"","_kad_post_header":false,"_kad_post_footer":false,"_kad_post_classname":"","footnotes":""},"class_list":["post-8","page","type-page","status-publish","hentry"],"_links":{"self":[{"href":"https:\/\/rsapromocionales.com\/index.php\/wp-json\/wp\/v2\/pages\/8","targetHints":{"allow":["GET"]}}],"collection":[{"href":"https:\/\/rsapromocionales.com\/index.php\/wp-json\/wp\/v2\/pages"}],"about":[{"href":"https:\/\/rsapromocionales.com\/index.php\/wp-json\/wp\/v2\/types\/page"}],"author":[{"embeddable":true,"href":"https:\/\/rsapromocionales.com\/index.php\/wp-json\/wp\/v2\/users\/1"}],"replies":[{"embeddable":true,"href":"https:\/\/rsapromocionales.com\/index.php\/wp-json\/wp\/v2\/comments?post=8"}],"version-history":[{"count":7,"href":"https:\/\/rsapromocionales.com\/index.php\/wp-json\/wp\/v2\/pages\/8\/revisions"}],"predecessor-version":[{"id":123,"href":"https:\/\/rsapromocionales.com\/index.php\/wp-json\/wp\/v2\/pages\/8\/revisions\/123"}],"wp:attachment":[{"href":"https:\/\/rsapromocionales.com\/index.php\/wp-json\/wp\/v2\/media?parent=8"}],"curies":[{"name":"wp","href":"https:\/\/api.w.org\/{rel}","templated":true}]}}